8877?
7
What is the hundred millions digit of 1240105827?
2
What is the tens digit of 825692732?
3
What is the tens digit of 9365015?
1
What is the hundreds digit of 92926808?
8
What is the units digit of 43951175?
5
What is the units digit of 2337188120?
0
What is the hundreds digit of 620479628?
6
What is the ten thousands digit of 11252768?
5
What is the ten thousands digit of 3768127230?
2
What is the ten thousands digit of 353116240?
1
What is the units digit of 46447193?
3
What is the ten millions digit of 236176898?
3
What is the ten millions digit of 68247121?
6
What is the tens digit of 121021043?
4
What is the units digit of 751314468?
8
What is the ten thousands digit of 795526630?
2
What is the hundreds digit of 284942408?
4
What is the millions digit of 2287415208?
7
What is the hundreds digit of 128472010?
0
What is the tens digit of 1993147124?
2
What is the units digit of 3918107682?
2
What is the tens digit of 982083138?
3
What is the hundreds digit of 660689708?
7
What is the ten millions digit of 544132575?
4
What is the units digit of 40340999?
9
What is the units digit of 106950931?
1
What is the units digit of 31821365?
5
What is the ten millions digit of 31577915?
3
What is the hundred millions digit of 490797927?
4
What is the tens digit of 276609124?
2
What is the hundreds digit of 721350904?
9
What is the ten thousands digit of 1653114512?
1
What is the ten thousands digit of 536985241?
8
What is the billions digit of 1528023878?
1
What is the hundred millions digit of 1260908019?
2
What is the hundreds digit of 342314971?
9
What is the ten millions digit of 42285603?
4
What is the thousands digit of 47992398?
2
What is the millions digit of 1202356415?
2
What is the units digit of 50141027?
7
What is the tens digit of 9225752?
5
What is the thousands digit of 2530459367?
9
What is the hundreds digit of 47504945?
9
What is the hundreds digit of 1510752649?
6
What is the hundreds digit of 1116194950?
9
What is the units digit of 6162581?
1
What is the hundreds digit of 156423924?
9
What is the hundreds digit of 61424345?
3
What is the thousands digit of 182567702?
7
What is the units digit of 11923177?
7
What is the hundred millions digit of 125144350?
1
What is the ten millions digit of 36825984?
3
What is the hundreds digit of 1398997962?
9
What is the units digit of 78013315?
5
What is the millions digit of 533895652?
3
What is the ten millions digit of 5283810979?
8
What is the ten thousands digit of 33335299?
3
What is the millions digit of 52060162?
2
What is the hundred thousands digit of 1603322646?
3
What is the thousands digit of 1144442129?
2
What is the billions digit of 3311875625?
3
What is the tens digit of 28765840?
4
What is the thousands digit of 38909432?
9
What is the hundred thousands digit of 1443231490?
2
What is the hundreds digit of 3526529520?
5
What is the hundred thousands digit of 1342784833?
7
What is the thousands digit of 529249795?
9
What is the millions digit of 6541435?
6
What is the thousands digit of 992713323?
3
What is the ten thousands digit of 28288195?
8
What is the tens digit of 220752961?
6
What is the hundred thousands digit of 48931534?
9
What is the units digit of 115837556?
6
What is the ten thousands digit of 619905729?
0
What is the hundred millions digit of 118815283?
1
What is the ten millions digit of 104129590?
0
What is the millions digit of 26943968?
6
What is the ten thousands digit of 721991111?
9
What is the ten thousands digit of 10244293?
4
What is the hundred millions digit of 268153312?
2
What is the ten thousands digit of 18429974?
2
What is the millions digit of 303160021?
3
What is the hundred thousands digit of 38809548?
8
What is the thousands digit of 1025943335?
3
What is the hundred millions digit of 289176777?
2
What is the ten millions digit of 215979977?
1
What is the ten thousands digit of 1117058821?
5
What is the ten millions digit of 29481377?
2
What is the ten millions digit of 57473209?
5
What is the tens digit of 1040984808?
0
What is the units digit of 50156876?
6
What is the millions digit of 4291589734?
1
What is the units digit of 81950995?
5
What is the hundreds digit of 78207622?
6
What is the hundred thousands digit of 203438975?
4
What is the hundred thousands digit of 12716643?
7
What is the hundreds digit of 990857950?
9
What is the ten thousands digit of 56476304?
7
What is the hundred thousands digit of 58077418?
0
What is the thousands digit of 1354413294?
3
What is the hundred millions digit of 4595454908?
5
What is the units digit of 31890994?
4
What is the ten thousands digit of 171671097?
7
What is the hundreds digit of 1721952308?
3
What is the hundred thousands digit of 225187725?
1
What is the hundreds digit of 2319029356?
3
What is the ten thousands digit of 634133863?
3
What is the millions digit of 63223240?
3
What is the tens digit of 474238431?
3
What is the hundreds digit of 747277488?
4
What is the units digit of 200745873?
3
What is the thousands digit of 167519763?
9
What is the ten millions digit of 37660008?
3
What is the tens digit of 9832847?
4
What is the tens digit of 369267814?
1
What is the thousands digit of 109400553?
0
What is the hundred millions digit of 1303455132?
3
What is the hundred thousands digit of 22132027?
1
What is the units digit of 357084952?
2
What is the millions digit of 7904477072?
4
What is the hundred millions digit of 540250790?
5
What is the units digit of 119218482?
2
What is the millions digit of 5245962?
5
What is the hundreds digit of 876828558?
5
What is the units digit of 111840356?
6
What is the millions digit of 892398892?
2
What is the ten thousands digit of 1185076862?
7
What is the hundred thousands digit of 3449896243?
8
What is the millions digit of 277977472?
7
What is the tens digit of 1183174013?
1
What is the tens digit of 3120617217?
1
What is the ten thousands digit of 218345018?
4
What is the ten thousands digit of 2029683036?
8
What is the ten millions digit of 53140637?
5
What is the thousands digit of 229647744?
7
What is the ten millions digit of 50098268?
5
What is the units digit of 184531835?
5
What is the thousands digit of 167867326?
7
What is the units digit of 657025505?
5
What is the tens digit of 1818666999?
9
What is the ten thousands digit of 143123540?
2
What is the ten millions digit of 238836835?
3
What is the ten thousands digit of 54973819?
7
What is the hundred millions digit of 821022201?
8
What is the thousands digit of 35945997?
5
What is the millions digit of 559591209?
9
What is the millions digit of 13860262?
3
What is the ten thousands digit of 6608016?
0
What is the tens digit of 17918867?
6
What is the hundred thousands digit of 660385615?
3
What is the ten thousands digit of 100342782?
4
What is the units digit of 138048182?
2
What is the units digit of 28354417?
7
What is the ten millions digit of 30639783?
3
What is the tens digit of 2241810888?
8
What is the units digit of 80159827?
7
What is the thousands digit of 214231814?
1
What is the hundred millions digit of 476793114?
4
What is the thousands digit of 913595998?
5
What is the units digit of 35394734?
4
What is the thousands digit of 1277771935?
1
What is the millions digit of 447023936?
7
What is the hundred millions digit of 908299539?
9
What is the hundred thousands digit of 1027198499?
1
What is the tens digit of 268836849?
4
What is the millions digit of 1106544080?
6
What is the millions digit of 646847007?
6
What is the ten thousands digit of 28804914?
0
What is the ten thousands digit of 49601077?
0
What is the hundred thousands digit of 33288791?
2
What is the ten thousands digit of 592966599?
6
What is the tens digit of 72554577?
7
What is the hundred thousands digit of 2852106237?
1
What is the units digit of 117483228?
8
What is the units digit of 77291553?
3
What is the millions digit of 389745477?
9
What is the units digit of 60749966?
6
What is the ten millions digit of 7984229191?
8
What is the ten thousands digit of 263986184?
8
What is the ten millions digit of 157612677?
5
What is the thousands digit of 29636239?
6
What is the hundred thousands digit of 266761079?
7
What is the ten thousands digit of 56768068?
6
What is the ten millions digit of